of 9208000?
0
What is the units digit of 583869?
9
What is the hundreds digit of 251159?
1
What is the ten thousands digit of 3905369?
0
What is the units digit of 1880687?
7
What is the hundred thousands digit of 9334180?
3
What is the thousands digit of 17827689?
7
What is the thousands digit of 99096?
9
What is the tens digit of 333224?
2
What is the units digit of 5987856?
6
What is the hundred thousands digit of 497928?
4
What is the hundred thousands digit of 229045?
2
What is the thousands digit of 108917?
8
What is the ten thousands digit of 10460290?
6
What is the thousands digit of 698714?
8
What is the millions digit of 5009106?
5
What is the ten millions digit of 13288773?
1
What is the thousands digit of 1150458?
0
What is the units digit of 6157624?
4
What is the units digit of 3119673?
3
What is the hundred thousands digit of 11118235?
1
What is the ten thousands digit of 969544?
6
What is the ten thousands digit of 76333?
7
What is the units digit of 729596?
6
What is the hundred thousands digit of 1127288?
1
What is the units digit of 419918?
8
What is the thousands digit of 160348?
0
What is the tens digit of 627007?
0
What is the hundreds digit of 3024190?
1
What is the hundreds digit of 433320?
3
What is the units digit of 12680769?
9
What is the tens digit of 660507?
0
What is the hundreds digit of 1892237?
2
What is the ten thousands digit of 9822140?
2
What is the tens digit of 6607397?
9
What is the units digit of 199340?
0
What is the hundred thousands digit of 2594421?
5
What is the thousands digit of 660001?
0
What is the ten thousands digit of 686267?
8
What is the thousands digit of 364451?
4
What is the tens digit of 127525?
2
What is the hundreds digit of 21454?
4
What is the hundreds digit of 6971841?
8
What is the hundreds digit of 1434685?
6
What is the hundred thousands digit of 1682857?
6
What is the millions digit of 1412634?
1
What is the units digit of 1041968?
8
What is the millions digit of 12431005?
2
What is the units digit of 50850?
0
What is the ten thousands digit of 4451755?
5
What is the ten thousands digit of 82538?
8
What is the hundred thousands digit of 4648633?
6
What is the millions digit of 4648157?
4
What is the tens digit of 1542479?
7
What is the hundred thousands digit of 205447?
2
What is the units digit of 858462?
2
What is the thousands digit of 215906?
5
What is the hundred thousands digit of 358015?
3
What is the ten thousands digit of 919908?
1
What is the ten thousands digit of 457429?
5
What is the units digit of 48458?
8
What is the hundred thousands digit of 2500457?
5
What is the tens digit of 607482?
8
What is the ten thousands digit of 5454847?
5
What is the hundred thousands digit of 280035?
2
What is the tens digit of 410490?
9
What is the thousands digit of 9940548?
0
What is the thousands digit of 37506840?
6
What is the units digit of 504994?
4
What is the thousands digit of 9289?
9
What is the units digit of 106373?
3
What is the hundreds digit of 1943870?
8
What is the tens digit of 3167095?
9
What is the hundreds digit of 341200?
2
What is the tens digit of 79892?
9
What is the units digit of 6240855?
5
What is the thousands digit of 6044876?
4
What is the ten millions digit of 10870092?
1
What is the thousands digit of 249606?
9
What is the hundreds digit of 7707081?
0
What is the hundreds digit of 677236?
2
What is the millions digit of 2390838?
2
What is the hundred thousands digit of 1301080?
3
What is the ten thousands digit of 196934?
9
What is the thousands digit of 7929063?
9
What is the units digit of 1530196?
6
What is the hundred thousands digit of 1656575?
6
What is the ten thousands digit of 549240?
4
What is the thousands digit of 1021451?
1
What is the hundred thousands digit of 813833?
8
What is the hundred thousands digit of 1767621?
7
What is the thousands digit of 27232292?
2
What is the thousands digit of 250729?
0
What is the tens digit of 3616248?
4
What is the ten thousands digit of 17668776?
6
What is the ten thousands digit of 29852218?
5
What is the thousands digit of 83977?
3
What is the hundred thousands digit of 2906321?
9
What is the ten thousands digit of 55206?
5
What is the thousands digit of 158359?
8
What is the hundred thousands digit of 3447271?
4
What is the hundred thousands digit of 104646?
1
What is the units digit of 265784?
4
What is the hundreds digit of 5214576?
5
What is the thousands digit of 247034?
7
What is the hundred thousands digit of 728142?
7
What is the thousands digit of 492198?
2
What is the thousands digit of 1242249?
2
What is the hundred thousands digit of 228914?
2
What is the thousands digit of 2977337?
7
What is the ten thousands digit of 101774?
0
What is the ten thousands digit of 8505685?
0
What is the hundred thousands digit of 8715601?
7
What is the hundreds digit of 383414?
4
What is the tens digit of 21438872?
7
What is the thousands digit of 744644?
4
What is the ten thousands digit of 39190?
3
What is the thousands digit of 238012?
8
What is the thousands digit of 937797?
7
What is the ten thousands digit of 1407555?
0
What is the thousands digit of 18926434?
6
What is the thousands digit of 1209854?
9
What is the hundreds digit of 5117908?
9
What is the hundreds digit of 335646?
6
What is the tens digit of 398657?
5
What is the millions digit of 4481013?
4
What is the millions digit of 1661444?
1
What is the units digit of 21129747?
7
What is the hundreds digit of 127132?
1
What is the ten thousands digit of 3673630?
7
What is the hundreds digit of 229286?
2
What is the hundred thousands digit of 612273?
6
What is the thousands digit of 315940?
5
What is the thousands digit of 20398053?
8
What is the hundred thousands digit of 2583055?
5
What is the hundred thousands digit of 2367052?
3
What is the thousands digit of 453332?
3
What is the hundred thousands digit of 3800996?
8
What is the units digit of 537906?
6
What is the hundred thousands digit of 16315507?
3
What is the hundreds digit of 25654452?
4
What is the millions digit of 11359105?
1
What is the thousands digit of 27692730?
2
What is the units digit of 9518253?
3
What is the tens digit of 1502671?
7
What is the hundreds digit of 16633?
6
What is the units digit of 937428?
8
What is the thousands digit of 8880896?
0
What is the hundreds digit of 313128?
1
What is the thousands digit of 19913191?
3
What is the units digit of 1187927?
7
What is the thousands digit of 550125?
0
What is the tens digit of 1323584?
8
What is the ten thousands digit of 2201755?
0
What is the millions digit of 1881578?
1
What is the hundred thousands digit of 1401834?
4
What is the hundreds digit of 148380?
3
What is the units digit of 113614?
4
What is the hundred thousands digit of 319041?
3
What is the tens digit of 2092837?
3
What is the hundreds digit of 92849?
8
What is the tens digit of 704106?
0
What is the thousands digit of 36507?
6
What is the thousands digit of 9704141?
4
What is the millions digit of 9631611?
9
What is the ten thousands digit of 9029082?
2
What is the tens digit of 1699370?
7
What is the hundred thousands digit of 35332241?
3
What is the ten thousands digit of 161173?
6
What is the thousands digit of 411577?
1
What is the thousands digit of 2118044?
8
What is the ten thousands digit of 14080112?
8
What is the hundreds digit of 280115?
1
What is the hundred thousands digit of 2494073?
4
What is the tens digit of 8850817?
1
What is the units digit of 1308213?
3
What is the millions digit of 1507237?
1
What is the hundreds digit of 74152?
1
What is the hundreds digit of 26695322?
3
What is the hundred thousands digit of 127429?
1
What is the units digit of 36768368?
8
What is the tens digit of 14045111?
1
What is the thousands digit of 672731?
2
What is the hundreds digit of 225279?
2
What is the thousands digit of 10956529?
6
What is the hundred thousands digit of 1182280?
1
What is the hundred thousands digit of 4699577?
6
What is the hundred thousands digit of 1673644?
6
What is the millions digit of 3112177?
3
What is the hundreds digit of 4414276?
2
What is the tens digit of 2578215?
1
What is the hundred thousands digit of 463427?
4
What is the millions digit of 2839916?
2
What is the ten millions digit of 23774634?
2
W